{"id":43,"date":"2012-06-22T06:42:10","date_gmt":"2012-06-22T06:42:10","guid":{"rendered":"http:\/\/ib-teni.at\/?page_id=43"},"modified":"2023-06-28T15:26:48","modified_gmt":"2023-06-28T15:26:48","slug":"leistungen","status":"publish","type":"page","link":"http:\/\/ib-teni.at\/?page_id=43","title":{"rendered":"Leistungen"},"content":{"rendered":"<p><strong>Planung<\/strong><\/p>\n<ul>\n<li>Grundlagenermittlung: Ermittlung bzw. Erhebung der Vorraussetzungen, Vorgaben und Grundlagen zur Kl\u00e4rung der Aufgabenstellung<\/li>\n<li>Vorplanung: Erarbeitung und Darstellung der grunds\u00e4tzlichen L\u00f6sung<\/li>\n<li>Entwurfsplanung: Erarbeitung und Darstellung der endg\u00fcltigen L\u00f6sung<\/li>\n<li>Bewilligungsplanung: Erarbeitung der Unterlagen\u00a0f\u00fcr die erforderlichen Bewilligungen (Einreichung)<\/li>\n<li>Ausf\u00fchrungsplanung: Erarbeitung und Darstellung der ausf\u00fchrungsreifen\u00a0L\u00f6sung<\/li>\n<\/ul>\n<p><strong>Ausschreibung<\/strong><\/p>\n<ul>\n<li>Vorbereitung der Vergabe: Ermittlung der Mengen und Erstellung der Ausschreibungen<\/li>\n<li>Mitwirkung bei der Vergabe: Pr\u00fcfung der Angebote sowie Mitwirkung bei der Auftragsvergabe<\/li>\n<\/ul>\n<p><strong>Fachbauaufsicht<\/strong><\/p>\n<ul>\n<li>\u00d6rtliche Gesamtaufsicht: \u00dcberwachung der Projektausf\u00fchrung<\/li>\n<li>Abnahme: \u00dcberpr\u00fcfung des Projektes auf vertragsgem\u00e4\u00dfe Ausf\u00fchrung, allf\u00e4llige M\u00e4ngelfeststellung und Vorbereitung sowie Mitwirkung bei der \u00dcbergabe an den Auftraggeber<\/li>\n<\/ul>\n<p><strong>Rechnungspr\u00fcfung<\/strong><\/p>\n<ul>\n<li>Rechnungspr\u00fcfung: \u00dcberpr\u00fcfung der Abrechnungsunterlagen von ausf\u00fchrenden Unternehmen\/Firmen<\/li>\n<\/ul>\n<p><strong>Beratung<\/strong><\/p>\n<ul>\n<li>Ich berate Sie\u00a0bereits im Vorfeld und w\u00e4hrend der gesamten Abwicklung ihres pers\u00f6nlichen Projektes.<\/li>\n<li>Bei Bedarf sind\u00a0auch nachtr\u00e4gliche Beratungen m\u00f6glich (M\u00e4ngelaufnahme, Sanierungsvorschl\u00e4ge, etc.)<\/li>\n<\/ul>\n<p><strong>Erstellen von Energieausweisen<\/strong><\/p>\n<ul>\n<li>Der Energieausweis ist der nach Ma\u00dfgabe der jeweiligen (landesrechtlichen) technischen Bauvorschriften zu erstellende Ausweis \u00fcber die Gesamtenergieeffizienz von Geb\u00e4uden im Wege der Berechnung deren Energiebedarfs.<\/li>\n<li>Im Energieausweis festgehalten werden auch eine Gesamtenergiekennzahl sowie Empfehlungen f\u00fcr die Optimierung der Energieeffizienz.<\/li>\n<li>Ab 1.1.2009 ist ein Energieausweis ebenfalls bei Verkauf oder Vermietung von Wohnungen, B\u00fcros oder Betriebsobjekten vorzulegen.<\/li>\n<li>Die G\u00fcltigkeitsdauer des Energieausweises betr\u00e4gt zehn Jahre.<\/li>\n<li>Verantwortlich f\u00fcr das Vorliegen ist der Bauherr, der Vermieter bzw. der Verk\u00e4ufer des Objektes.<\/li>\n<li>Der Energieausweis zeigt anschaulich die thermische\u00a0Qualit\u00e4t eines Geb\u00e4udes und gibt damit Hinweise auf die zu erwartenden\u00a0Energiekosten.<\/li>\n<li>Der Energieausweis erlaubt eine rasche und einfache\u00a0Vergleichbarkeit unterschiedlicher Geb\u00e4ude im Hinblick auf ihre\u00a0energetische Qualit\u00e4t.<\/li>\n<\/ul>\n<p><strong>Energieberatung (netEB)\u00a0<\/strong><\/p>\n<ul>\n<li>Seit Mai 2023 bin ich Mitglied im\u00a0Netzwerk Energieberatung Steiermark (netEB)\u00a0und somit offizieller Ansprechpartner f\u00fcr die vom Land Steiermark gef\u00f6rderte Beratungst\u00e4tigkeit.<\/li>\n<li>Ich biete produktunabh\u00e4ngige Beratung rund ums Bauen, Sanieren, Heizen und Wohnen.<\/li>\n<li>Weiterf\u00fchrende Informationen Energieberatung: www.ich-tus.steiermark.at<\/li>\n<\/ul>\n<p><strong>Zus\u00e4tzliche Leistungen<\/strong><\/p>\n<ul>\n<li>Erstellung von Vorstudien bzw. Machbarkeitsstudien als Entscheidungshilfe f\u00fcr den Auftraggeber.<\/li>\n<li>Anfertigung besonderer Objektdarstellungstechniken wie z.B. Visualisierungen, 3D-Animationen, etc.<\/li>\n<li>Erstellung von separaten Sonderpl\u00e4nen (Fluchtwegpl\u00e4ne, etc).<\/li>\n<li>Erstellung von Bestandspl\u00e4nen nach Leistungsabschluss der ausf\u00fchrenden Unternehmen (<em>as built Zeichnungen<\/em>).<\/li>\n<\/ul>\n<p>&nbsp;<\/p>\n","protected":false},"excerpt":{"rendered":"<p>Planung Grundlagenermittlung: Ermittlung bzw. Erhebung der Vorraussetzungen, Vorgaben und Grundlagen zur Kl\u00e4rung der Aufgabenstellung Vorplanung: Erarbeitung und Darstellung der grunds\u00e4tzlichen L\u00f6sung Entwurfsplanung: Erarbeitung und Darstellung der endg\u00fcltigen L\u00f6sung Bewilligungsplanung: Erarbeitung der Unterlagen\u00a0f\u00fcr die erforderlichen Bewilligungen (Einreichung) Ausf\u00fchrungsplanung: Erarbeitung und Darstellung &hellip; <a class=\"more-link\" href=\"http:\/\/ib-teni.at\/?page_id=43\">Continue reading <span class=\"meta-nav\">&rarr;<\/span><\/a><\/p>\n","protected":false},"author":1,"featured_media":0,"parent":0,"menu_order":0,"comment_status":"open","ping_status":"closed","template":"","meta":{"footnotes":""},"_links":{"self":[{"href":"http:\/\/ib-teni.at\/index.php?rest_route=\/wp\/v2\/pages\/43"}],"collection":[{"href":"http:\/\/ib-teni.at\/index.php?rest_route=\/wp\/v2\/pages"}],"about":[{"href":"http:\/\/ib-teni.at\/index.php?rest_route=\/wp\/v2\/types\/page"}],"author":[{"embeddable":true,"href":"http:\/\/ib-teni.at\/index.php?rest_route=\/wp\/v2\/users\/1"}],"replies":[{"embeddable":true,"href":"http:\/\/ib-teni.at\/index.php?rest_route=%2Fwp%2Fv2%2Fcomments&post=43"}],"version-history":[{"count":12,"href":"http:\/\/ib-teni.at\/index.php?rest_route=\/wp\/v2\/pages\/43\/revisions"}],"predecessor-version":[{"id":513,"href":"http:\/\/ib-teni.at\/index.php?rest_route=\/wp\/v2\/pages\/43\/revisions\/513"}],"wp:attachment":[{"href":"http:\/\/ib-teni.at\/index.php?rest_route=%2Fwp%2Fv2%2Fmedia&parent=43"}],"curies":[{"name":"wp","href":"https:\/\/api.w.org\/{rel}","templated":true}]}}