{"id":179,"date":"2012-07-12T16:52:19","date_gmt":"2012-07-12T16:52:19","guid":{"rendered":"http:\/\/ib-teni.at\/?page_id=179"},"modified":"2012-08-16T09:01:38","modified_gmt":"2012-08-16T09:01:38","slug":"lehm","status":"publish","type":"page","link":"http:\/\/ib-teni.at\/?page_id=179","title":{"rendered":"Lehm"},"content":{"rendered":"<p>Lehm ist zusammen mit Holz das \u00e4lteste Baumaterial des Menschen. <strong><\/strong><\/p>\n<p>Lehmbautechniken sind seit mehr als 9000 Jahren bekannt und selbst noch heute lebt etwa ein Drittel der Menschheit in Lehmh\u00e4usern. Es herrscht die landl\u00e4ufige Meinung vor, da\u00df sich aus\u00a0Lehm\u00a0keine gro\u00dfen Geb\u00e4ude bauen lassen &#8211; ein Blick auf die\u00a0Moschee von Djenne in Mali belehrt uns eines Besseren.<\/p>\n<p><a href=\"http:\/\/ib-teni.at\/wp-content\/uploads\/2012\/07\/Moschee-Djenne.jpg\"><img decoding=\"async\" loading=\"lazy\" class=\"alignnone size-large wp-image-180\" title=\"Djenne\" src=\"http:\/\/ib-teni.at\/wp-content\/uploads\/2012\/07\/Moschee-Djenne-1024x766.jpg\" alt=\"\" width=\"640\" height=\"478\" srcset=\"http:\/\/ib-teni.at\/wp-content\/uploads\/2012\/07\/Moschee-Djenne-1024x766.jpg 1024w, http:\/\/ib-teni.at\/wp-content\/uploads\/2012\/07\/Moschee-Djenne-300x224.jpg 300w\" sizes=\"(max-width: 640px) 100vw, 640px\" \/><\/a><\/p>\n<p>Heute wird Lehm zunehmend als umweltfreundlicher und gesunder Baustoff von immer mehr Menschen wiederendeckt. In unseren Breiten wird Lehm gro\u00dfteils\u00a0in Form von Lehmputzen und Lehmfarben im Innenbereich verwendet. Doch die Bandbreite von Lehm ist viel gr\u00f6\u00dfer.<\/p>\n<p>Was f\u00fcr Lehm spricht:<\/p>\n<p>&#8211;\u00a0\u00a0\u00a0\u00a0\u00a0\u00a0 Lehm ist einer der \u00e4ltesten und am weitest verbreitenden Baustoffe der Erde<br \/>\n&#8211;\u00a0\u00a0\u00a0\u00a0\u00a0\u00a0 Lehm ist ein kosteng\u00fcnstiger Baustoff<br \/>\n&#8211;\u00a0\u00a0\u00a0\u00a0\u00a0\u00a0 Lehm ist umweltfreundlich, nachhaltig und vollst\u00e4ndig wiederverwendbar<br \/>\n&#8211;\u00a0\u00a0\u00a0\u00a0\u00a0\u00a0 Lehm reguliert die Luftfeuchte in Wohnr\u00e4umen und absorbiert Ger\u00fcche<br \/>\n&#8211;\u00a0\u00a0\u00a0\u00a0\u00a0\u00a0 Lehm ist ein exzellenter W\u00e4rmespeicher<br \/>\n&#8211;\u00a0\u00a0\u00a0\u00a0\u00a0\u00a0 Lehm konserviert Holz \u2013 chemischer Holzschutz ist nicht n\u00f6tig<br \/>\n&#8211;\u00a0\u00a0\u00a0\u00a0\u00a0\u00a0 Lehm bindet Schadstoffe und sch\u00fctzt vor Elektrosmog<br \/>\n&#8211;\u00a0\u00a0\u00a0\u00a0\u00a0\u00a0 Lehm bietet einen guten Schall- und Trittschutz<br \/>\n&#8211;\u00a0\u00a0\u00a0\u00a0\u00a0\u00a0 Lehm ist diffusionsf\u00e4hig und verhindert Schimmelbildung<br \/>\n&#8211;\u00a0\u00a0\u00a0\u00a0\u00a0\u00a0 Lehm ist einfach <strong>Natur pur!<\/strong><\/p>\n<p><a href=\"http:\/\/ib-teni.at\/wp-content\/uploads\/2012\/07\/Lehmhaus-1.jpg\"><img decoding=\"async\" loading=\"lazy\" class=\"alignnone size-medium wp-image-187\" title=\"Silo\" src=\"http:\/\/ib-teni.at\/wp-content\/uploads\/2012\/07\/Lehmhaus-1-300x196.jpg\" alt=\"\" width=\"300\" height=\"196\" srcset=\"http:\/\/ib-teni.at\/wp-content\/uploads\/2012\/07\/Lehmhaus-1-300x196.jpg 300w, http:\/\/ib-teni.at\/wp-content\/uploads\/2012\/07\/Lehmhaus-1-1024x671.jpg 1024w\" sizes=\"(max-width: 300px) 100vw, 300px\" \/><\/a>\u00a0\u00a0\u00a0 <a href=\"http:\/\/ib-teni.at\/wp-content\/uploads\/2012\/07\/Lehmhaus.jpg\"><img decoding=\"async\" loading=\"lazy\" class=\"alignnone size-medium wp-image-189\" title=\"Grenier berbere, Libye\" src=\"http:\/\/ib-teni.at\/wp-content\/uploads\/2012\/07\/Lehmhaus-200x300.jpg\" alt=\"\" width=\"200\" height=\"300\" srcset=\"http:\/\/ib-teni.at\/wp-content\/uploads\/2012\/07\/Lehmhaus-200x300.jpg 200w, http:\/\/ib-teni.at\/wp-content\/uploads\/2012\/07\/Lehmhaus-685x1024.jpg 685w\" sizes=\"(max-width: 200px) 100vw, 200px\" \/><\/a><\/p>\n","protected":false},"excerpt":{"rendered":"<p>Lehm ist zusammen mit Holz das \u00e4lteste Baumaterial des Menschen. Lehmbautechniken sind seit mehr als 9000 Jahren bekannt und selbst noch heute lebt etwa ein Drittel der Menschheit in Lehmh\u00e4usern. Es herrscht die landl\u00e4ufige Meinung vor, da\u00df sich aus\u00a0Lehm\u00a0keine gro\u00dfen &hellip; <a class=\"more-link\" href=\"http:\/\/ib-teni.at\/?page_id=179\">Continue reading <span class=\"meta-nav\">&rarr;<\/span><\/a><\/p>\n","protected":false},"author":1,"featured_media":0,"parent":0,"menu_order":0,"comment_status":"open","ping_status":"closed","template":"","meta":{"footnotes":""},"_links":{"self":[{"href":"http:\/\/ib-teni.at\/index.php?rest_route=\/wp\/v2\/pages\/179"}],"collection":[{"href":"http:\/\/ib-teni.at\/index.php?rest_route=\/wp\/v2\/pages"}],"about":[{"href":"http:\/\/ib-teni.at\/index.php?rest_route=\/wp\/v2\/types\/page"}],"author":[{"embeddable":true,"href":"http:\/\/ib-teni.at\/index.php?rest_route=\/wp\/v2\/users\/1"}],"replies":[{"embeddable":true,"href":"http:\/\/ib-teni.at\/index.php?rest_route=%2Fwp%2Fv2%2Fcomments&post=179"}],"version-history":[{"count":6,"href":"http:\/\/ib-teni.at\/index.php?rest_route=\/wp\/v2\/pages\/179\/revisions"}],"predecessor-version":[{"id":190,"href":"http:\/\/ib-teni.at\/index.php?rest_route=\/wp\/v2\/pages\/179\/revisions\/190"}],"wp:attachment":[{"href":"http:\/\/ib-teni.at\/index.php?rest_route=%2Fwp%2Fv2%2Fmedia&parent=179"}],"curies":[{"name":"wp","href":"https:\/\/api.w.org\/{rel}","templated":true}]}}

<p>Lehm ist zusammen mit Holz das älteste Baumaterial des Menschen. <strong></strong></p>
<p>Lehmbautechniken sind seit mehr als 9000 Jahren bekannt und selbst noch heute lebt etwa ein Drittel der Menschheit in Lehmhäusern. Es herrscht die landläufige Meinung vor, daß sich aus Lehm keine großen Gebäude bauen lassen &#8211; ein Blick auf die Moschee von Djenne in Mali belehrt uns eines Besseren.</p>
<p><a href="http://ib-teni.at/wp-content/uploads/2012/07/Moschee-Djenne.jpg"><img decoding="async" loading="lazy" class="alignnone size-large wp-image-180" title="Djenne" src="http://ib-teni.at/wp-content/uploads/2012/07/Moschee-Djenne-1024x766.jpg" alt="" width="640" height="478" srcset="http://ib-teni.at/wp-content/uploads/2012/07/Moschee-Djenne-1024x766.jpg 1024w, http://ib-teni.at/wp-content/uploads/2012/07/Moschee-Djenne-300x224.jpg 300w" sizes="(max-width: 640px) 100vw, 640px" /></a></p>
<p>Heute wird Lehm zunehmend als umweltfreundlicher und gesunder Baustoff von immer mehr Menschen wiederendeckt. In unseren Breiten wird Lehm großteils in Form von Lehmputzen und Lehmfarben im Innenbereich verwendet. Doch die Bandbreite von Lehm ist viel größer.</p>
<p>Was für Lehm spricht:</p>
<p>&#8211;       Lehm ist einer der ältesten und am weitest verbreitenden Baustoffe der Erde<br />
&#8211;       Lehm ist ein kostengünstiger Baustoff<br />
&#8211;       Lehm ist umweltfreundlich, nachhaltig und vollständig wiederverwendbar<br />
&#8211;       Lehm reguliert die Luftfeuchte in Wohnräumen und absorbiert Gerüche<br />
&#8211;       Lehm ist ein exzellenter Wärmespeicher<br />
&#8211;       Lehm konserviert Holz – chemischer Holzschutz ist nicht nötig<br />
&#8211;       Lehm bindet Schadstoffe und schützt vor Elektrosmog<br />
&#8211;       Lehm bietet einen guten Schall- und Trittschutz<br />
&#8211;       Lehm ist diffusionsfähig und verhindert Schimmelbildung<br />
&#8211;       Lehm ist einfach <strong>Natur pur!</strong></p>
<p><a href="http://ib-teni.at/wp-content/uploads/2012/07/Lehmhaus-1.jpg"><img decoding="async" loading="lazy" class="alignnone size-medium wp-image-187" title="Silo" src="http://ib-teni.at/wp-content/uploads/2012/07/Lehmhaus-1-300x196.jpg" alt="" width="300" height="196" srcset="http://ib-teni.at/wp-content/uploads/2012/07/Lehmhaus-1-300x196.jpg 300w, http://ib-teni.at/wp-content/uploads/2012/07/Lehmhaus-1-1024x671.jpg 1024w" sizes="(max-width: 300px) 100vw, 300px" /></a>    <a href="http://ib-teni.at/wp-content/uploads/2012/07/Lehmhaus.jpg"><img decoding="async" loading="lazy" class="alignnone size-medium wp-image-189" title="Grenier berbere, Libye" src="http://ib-teni.at/wp-content/uploads/2012/07/Lehmhaus-200x300.jpg" alt="" width="200" height="300" srcset="http://ib-teni.at/wp-content/uploads/2012/07/Lehmhaus-200x300.jpg 200w, http://ib-teni.at/wp-content/uploads/2012/07/Lehmhaus-685x1024.jpg 685w" sizes="(max-width: 200px) 100vw, 200px" /></a></p>

<p>Lehm ist zusammen mit Holz das älteste Baumaterial des Menschen. Lehmbautechniken sind seit mehr als 9000 Jahren bekannt und selbst noch heute lebt etwa ein Drittel der Menschheit in Lehmhäusern. Es herrscht die landläufige Meinung vor, daß sich aus Lehm keine großen &hellip; <a class="more-link" href="http://ib-teni.at/?page_id=179">Continue reading <span class="meta-nav">&rarr;</span></a></p>
