{"id":123,"date":"2012-06-27T06:47:19","date_gmt":"2012-06-27T06:47:19","guid":{"rendered":"http:\/\/ib-teni.at\/?page_id=123"},"modified":"2012-06-27T13:46:59","modified_gmt":"2012-06-27T13:46:59","slug":"vita","status":"publish","type":"page","link":"http:\/\/ib-teni.at\/?page_id=123","title":{"rendered":"Vita"},"content":{"rendered":"<p><strong><span style=\"text-decoration: underline;\">Das bin ich \u2013 Kurzbeschreibung:<\/span><\/strong><\/p>\n<p>Geboren 1972 in Weiz, Steiermark.<br \/>\nVater von 5 Kindern, verheiratet.<\/p>\n<p><strong>Beruflicher Streifzug<\/strong><\/p>\n<ul>\n<li>Lehrberuf Tischler (Lehrabschlu\u00dfpr\u00fcfung am 23.11.1991)<\/li>\n<li>HTBLA f\u00fcr Hochbau in Graz \u00a0(Matura am 2.06.1997)<\/li>\n<li>Ausbildung zum CAD-Techniker<\/li>\n<li>1999 \u2013 2011 besch\u00e4ftigt als Hochbau-Techniker<\/li>\n<li>seit Juni 2012 voller Begeisterung selbst\u00e4ndig<\/li>\n<li>\u2026<\/li>\n<\/ul>\n<p><strong>Freizeitinteressen<\/strong><\/p>\n<p>Haupts\u00e4chlich meine Kinder \u2013 und wenn dann noch Zeit ist:<br \/>\nAusdauersport (Laufen, Schwimmen), Karate, B\u00fccher, Reisen, Gartenarbeit, \u2026<\/p>\n<p><strong>Lebensmotto<\/strong><\/p>\n<p>&#8222;Geht net, gibt`s net !&#8220;<\/p>\n<p><a href=\"http:\/\/ib-teni.at\/wp-content\/uploads\/2012\/06\/Ich-und-Mitarbeiter.jpg\"><img decoding=\"async\" loading=\"lazy\" class=\"alignnone size-large wp-image-124\" title=\"OLYMPUS DIGITAL CAMERA\" src=\"http:\/\/ib-teni.at\/wp-content\/uploads\/2012\/06\/Ich-und-Mitarbeiter-1024x768.jpg\" alt=\"\" width=\"640\" height=\"480\" srcset=\"http:\/\/ib-teni.at\/wp-content\/uploads\/2012\/06\/Ich-und-Mitarbeiter-1024x768.jpg 1024w, http:\/\/ib-teni.at\/wp-content\/uploads\/2012\/06\/Ich-und-Mitarbeiter-300x225.jpg 300w\" sizes=\"(max-width: 640px) 100vw, 640px\" \/><\/a><br \/>\nDas bin ich &#8211; flankiert von\u00a0meinen zwei mobilen Erdbewegungseinheiten.<\/p>\n","protected":false},"excerpt":{"rendered":"<p>Das bin ich \u2013 Kurzbeschreibung: Geboren 1972 in Weiz, Steiermark. Vater von 5 Kindern, verheiratet. Beruflicher Streifzug Lehrberuf Tischler (Lehrabschlu\u00dfpr\u00fcfung am 23.11.1991) HTBLA f\u00fcr Hochbau in Graz \u00a0(Matura am 2.06.1997) Ausbildung zum CAD-Techniker 1999 \u2013 2011 besch\u00e4ftigt als Hochbau-Techniker seit &hellip; <a class=\"more-link\" href=\"http:\/\/ib-teni.at\/?page_id=123\">Continue reading <span class=\"meta-nav\">&rarr;<\/span><\/a><\/p>\n","protected":false},"author":1,"featured_media":0,"parent":0,"menu_order":0,"comment_status":"open","ping_status":"closed","template":"","meta":{"footnotes":""},"_links":{"self":[{"href":"http:\/\/ib-teni.at\/index.php?rest_route=\/wp\/v2\/pages\/123"}],"collection":[{"href":"http:\/\/ib-teni.at\/index.php?rest_route=\/wp\/v2\/pages"}],"about":[{"href":"http:\/\/ib-teni.at\/index.php?rest_route=\/wp\/v2\/types\/page"}],"author":[{"embeddable":true,"href":"http:\/\/ib-teni.at\/index.php?rest_route=\/wp\/v2\/users\/1"}],"replies":[{"embeddable":true,"href":"http:\/\/ib-teni.at\/index.php?rest_route=%2Fwp%2Fv2%2Fcomments&post=123"}],"version-history":[{"count":4,"href":"http:\/\/ib-teni.at\/index.php?rest_route=\/wp\/v2\/pages\/123\/revisions"}],"predecessor-version":[{"id":142,"href":"http:\/\/ib-teni.at\/index.php?rest_route=\/wp\/v2\/pages\/123\/revisions\/142"}],"wp:attachment":[{"href":"http:\/\/ib-teni.at\/index.php?rest_route=%2Fwp%2Fv2%2Fmedia&parent=123"}],"curies":[{"name":"wp","href":"https:\/\/api.w.org\/{rel}","templated":true}]}}

<p><strong><span style="text-decoration: underline;">Das bin ich – Kurzbeschreibung:</span></strong></p>
<p>Geboren 1972 in Weiz, Steiermark.<br />
Vater von 5 Kindern, verheiratet.</p>
<p><strong>Beruflicher Streifzug</strong></p>
<ul>
<li>Lehrberuf Tischler (Lehrabschlußprüfung am 23.11.1991)</li>
<li>HTBLA für Hochbau in Graz  (Matura am 2.06.1997)</li>
<li>Ausbildung zum CAD-Techniker</li>
<li>1999 – 2011 beschäftigt als Hochbau-Techniker</li>
<li>seit Juni 2012 voller Begeisterung selbständig</li>
<li>…</li>
</ul>
<p><strong>Freizeitinteressen</strong></p>
<p>Hauptsächlich meine Kinder – und wenn dann noch Zeit ist:<br />
Ausdauersport (Laufen, Schwimmen), Karate, Bücher, Reisen, Gartenarbeit, …</p>
<p><strong>Lebensmotto</strong></p>
<p>&#8222;Geht net, gibt`s net !&#8220;</p>
<p><a href="http://ib-teni.at/wp-content/uploads/2012/06/Ich-und-Mitarbeiter.jpg"><img decoding="async" loading="lazy" class="alignnone size-large wp-image-124" title="OLYMPUS DIGITAL CAMERA" src="http://ib-teni.at/wp-content/uploads/2012/06/Ich-und-Mitarbeiter-1024x768.jpg" alt="" width="640" height="480" srcset="http://ib-teni.at/wp-content/uploads/2012/06/Ich-und-Mitarbeiter-1024x768.jpg 1024w, http://ib-teni.at/wp-content/uploads/2012/06/Ich-und-Mitarbeiter-300x225.jpg 300w" sizes="(max-width: 640px) 100vw, 640px" /></a><br />
Das bin ich &#8211; flankiert von meinen zwei mobilen Erdbewegungseinheiten.</p>

<p>Das bin ich – Kurzbeschreibung: Geboren 1972 in Weiz, Steiermark. Vater von 5 Kindern, verheiratet. Beruflicher Streifzug Lehrberuf Tischler (Lehrabschlußprüfung am 23.11.1991) HTBLA für Hochbau in Graz  (Matura am 2.06.1997) Ausbildung zum CAD-Techniker 1999 – 2011 beschäftigt als Hochbau-Techniker seit &hellip; <a class="more-link" href="http://ib-teni.at/?page_id=123">Continue reading <span class="meta-nav">&rarr;</span></a></p>
