{"id":108,"date":"2012-06-26T09:29:44","date_gmt":"2012-06-26T09:29:44","guid":{"rendered":"http:\/\/ib-teni.at\/?page_id=108"},"modified":"2015-06-12T08:16:39","modified_gmt":"2015-06-12T08:16:39","slug":"baustoffe","status":"publish","type":"page","link":"http:\/\/ib-teni.at\/?page_id=108","title":{"rendered":"Wohnen"},"content":{"rendered":"<p><em>&#8222;Seit<strong> <\/strong>Jahren h\u00e4lt man in uns die Hoffnung auf Wohnungen zu niedrigen Preisen wach. Nichts davon ist Wirklichkeit geworden. Wenn wir billig wohnen wollen, gibt es meiner Ansicht nach nur eine L\u00f6sung: wir m\u00fcssen uns von einem Lebensstandard abkehren, der uns zentralisierter Entscheidungsgewalt und Kontrolle unterwirft und von einer Wirtschaft, die in Produktionsvolumen und Konsum ihre h\u00f6chsten Werte erblickt. W\u00e4hrungen sind kein vern\u00fcnftiger Ma\u00dfstab f\u00fcr die Qualit\u00e4t unseres Lebens oder unserer Wohnungen.&#8220; <\/em><strong>Sim Van der Ryn, Architekt, anno 1974<\/strong><\/p>\n<p>Bedingt durch unser v\u00f6llig entartetes Wirtschaftssystem und unseres r\u00fccksichtslosen Konsumverhaltens auf allen Ebenen stehen wir heute vor jenen\u00a0gravierenden Problemen\u00a0(massive Umweltzerst\u00f6rung, Artensterben, Klimawandel, \u00dcberfischung und Verschmutzung der Meere, Bodenerosion, Wassermangel, Biodiversit\u00e4tsverlust, etc.), deren L\u00f6sung wir lieber delegieren und\u00a0in eine ferne Zukunft verschieben w\u00fcrden.<\/p>\n<p>Wenn man bedenkt, welche M\u00f6glichkeiten uns heute im Bereich des Bauens und Wohnens\u00a0zur Verf\u00fcgung stehen, ist es eine absolute Schande, da\u00df man wider besseren Wissens keine ernsthaften Anstregungen\u00a0in Richtung wirklich nachhaltiges, umweltvertr\u00e4gliches und gesundes Bauen unternimmt.<\/p>\n<p><em>&#8222;In einer Zeit universaler T\u00e4uschung wird es zu einer revolution\u00e4ren Tat, die Wahrheit zu sagen.&#8220;<\/em> <strong>George Orwell<\/strong><\/p>\n<p><a href=\"http:\/\/ib-teni.at\/wp-content\/uploads\/2012\/06\/Gartenmoebel1.jpg\"><img decoding=\"async\" loading=\"lazy\" class=\"alignnone size-large wp-image-161\" title=\"gartenbank\" alt=\"\" src=\"http:\/\/ib-teni.at\/wp-content\/uploads\/2012\/06\/Gartenmoebel1-1024x692.jpg\" width=\"640\" height=\"432\" srcset=\"http:\/\/ib-teni.at\/wp-content\/uploads\/2012\/06\/Gartenmoebel1-1024x692.jpg 1024w, http:\/\/ib-teni.at\/wp-content\/uploads\/2012\/06\/Gartenmoebel1-300x202.jpg 300w\" sizes=\"(max-width: 640px) 100vw, 640px\" \/><\/a><\/p>\n<p><a href=\"http:\/\/ib-teni.at\/wp-content\/uploads\/2013\/10\/IMG_0632.jpg\"><img decoding=\"async\" loading=\"lazy\" style=\"width: 396px; height: 288px;\" alt=\"IMG_0632\" src=\"http:\/\/ib-teni.at\/wp-content\/uploads\/2013\/10\/IMG_0632-300x224.jpg\" width=\"300\" height=\"224\" \/><\/a><\/p>\n","protected":false},"excerpt":{"rendered":"<p>&#8222;Seit Jahren h\u00e4lt man in uns die Hoffnung auf Wohnungen zu niedrigen Preisen wach. Nichts davon ist Wirklichkeit geworden. Wenn wir billig wohnen wollen, gibt es meiner Ansicht nach nur eine L\u00f6sung: wir m\u00fcssen uns von einem Lebensstandard abkehren, der &hellip; <a class=\"more-link\" href=\"http:\/\/ib-teni.at\/?page_id=108\">Continue reading <span class=\"meta-nav\">&rarr;<\/span><\/a><\/p>\n","protected":false},"author":1,"featured_media":0,"parent":0,"menu_order":0,"comment_status":"open","ping_status":"closed","template":"","meta":{"footnotes":""},"_links":{"self":[{"href":"http:\/\/ib-teni.at\/index.php?rest_route=\/wp\/v2\/pages\/108"}],"collection":[{"href":"http:\/\/ib-teni.at\/index.php?rest_route=\/wp\/v2\/pages"}],"about":[{"href":"http:\/\/ib-teni.at\/index.php?rest_route=\/wp\/v2\/types\/page"}],"author":[{"embeddable":true,"href":"http:\/\/ib-teni.at\/index.php?rest_route=\/wp\/v2\/users\/1"}],"replies":[{"embeddable":true,"href":"http:\/\/ib-teni.at\/index.php?rest_route=%2Fwp%2Fv2%2Fcomments&post=108"}],"version-history":[{"count":10,"href":"http:\/\/ib-teni.at\/index.php?rest_route=\/wp\/v2\/pages\/108\/revisions"}],"predecessor-version":[{"id":139,"href":"http:\/\/ib-teni.at\/index.php?rest_route=\/wp\/v2\/pages\/108\/revisions\/139"}],"wp:attachment":[{"href":"http:\/\/ib-teni.at\/index.php?rest_route=%2Fwp%2Fv2%2Fmedia&parent=108"}],"curies":[{"name":"wp","href":"https:\/\/api.w.org\/{rel}","templated":true}]}}

<p><em>&#8222;Seit<strong> </strong>Jahren hält man in uns die Hoffnung auf Wohnungen zu niedrigen Preisen wach. Nichts davon ist Wirklichkeit geworden. Wenn wir billig wohnen wollen, gibt es meiner Ansicht nach nur eine Lösung: wir müssen uns von einem Lebensstandard abkehren, der uns zentralisierter Entscheidungsgewalt und Kontrolle unterwirft und von einer Wirtschaft, die in Produktionsvolumen und Konsum ihre höchsten Werte erblickt. Währungen sind kein vernünftiger Maßstab für die Qualität unseres Lebens oder unserer Wohnungen.&#8220; </em><strong>Sim Van der Ryn, Architekt, anno 1974</strong></p>
<p>Bedingt durch unser völlig entartetes Wirtschaftssystem und unseres rücksichtslosen Konsumverhaltens auf allen Ebenen stehen wir heute vor jenen gravierenden Problemen (massive Umweltzerstörung, Artensterben, Klimawandel, Überfischung und Verschmutzung der Meere, Bodenerosion, Wassermangel, Biodiversitätsverlust, etc.), deren Lösung wir lieber delegieren und in eine ferne Zukunft verschieben würden.</p>
<p>Wenn man bedenkt, welche Möglichkeiten uns heute im Bereich des Bauens und Wohnens zur Verfügung stehen, ist es eine absolute Schande, daß man wider besseren Wissens keine ernsthaften Anstregungen in Richtung wirklich nachhaltiges, umweltverträgliches und gesundes Bauen unternimmt.</p>
<p><em>&#8222;In einer Zeit universaler Täuschung wird es zu einer revolutionären Tat, die Wahrheit zu sagen.&#8220;</em> <strong>George Orwell</strong></p>
<p><a href="http://ib-teni.at/wp-content/uploads/2012/06/Gartenmoebel1.jpg"><img decoding="async" loading="lazy" class="alignnone size-large wp-image-161" title="gartenbank" alt="" src="http://ib-teni.at/wp-content/uploads/2012/06/Gartenmoebel1-1024x692.jpg" width="640" height="432" srcset="http://ib-teni.at/wp-content/uploads/2012/06/Gartenmoebel1-1024x692.jpg 1024w, http://ib-teni.at/wp-content/uploads/2012/06/Gartenmoebel1-300x202.jpg 300w" sizes="(max-width: 640px) 100vw, 640px" /></a></p>
<p><a href="http://ib-teni.at/wp-content/uploads/2013/10/IMG_0632.jpg"><img decoding="async" loading="lazy" style="width: 396px; height: 288px;" alt="IMG_0632" src="http://ib-teni.at/wp-content/uploads/2013/10/IMG_0632-300x224.jpg" width="300" height="224" /></a></p>

<p>&#8222;Seit Jahren hält man in uns die Hoffnung auf Wohnungen zu niedrigen Preisen wach. Nichts davon ist Wirklichkeit geworden. Wenn wir billig wohnen wollen, gibt es meiner Ansicht nach nur eine Lösung: wir müssen uns von einem Lebensstandard abkehren, der &hellip; <a class="more-link" href="http://ib-teni.at/?page_id=108">Continue reading <span class="meta-nav">&rarr;</span></a></p>
